{"id":278,"date":"2017-07-31T10:33:23","date_gmt":"2017-07-31T08:33:23","guid":{"rendered":"https:\/\/www.huprotex.de\/cms\/?page_id=278"},"modified":"2017-08-04T10:29:19","modified_gmt":"2017-08-04T08:29:19","slug":"pflegehinweise","status":"publish","type":"page","link":"https:\/\/www.huprotex.de\/cms\/pflegehinweise\/","title":{"rendered":"Pflegehinweise"},"content":{"rendered":"<p>[et_pb_section admin_label=&#8220;section&#8220;][et_pb_row admin_label=&#8220;row&#8220;][et_pb_column type=&#8220;4_4&#8243;][et_pb_text admin_label=&#8220;Pflegehinweise&#8220; background_layout=&#8220;light&#8220; text_orientation=&#8220;left&#8220; use_border_color=&#8220;off&#8220; border_color=&#8220;#ffffff&#8220; border_style=&#8220;solid&#8220;]<\/p>\n<div id=\"content\">\n<h3>Pflegehinweise:<\/h3>\n<p>&nbsp;<\/p>\n<p>Wie bei allen Textilien sorgt nur eine sorgf\u00e4ltige Behandlung und Pflege f\u00fcr eine lange Lebensdauer.<br \/>\nDeshalb beachten Sie bitte folgende Pflegehinweise:<\/p>\n<p>Die leicht verschmutzte Weste sollte nur von Hand bis maximal 40 Grad gewaschen und anschlie\u00dfend auf der Leine, im Schatten getrocknet werden.<\/p>\n<ul>\n<li>Wird die stark verschmutzte Weste in der Waschmaschine gewaschen, dann ausschlie\u00dflich im Schonwaschgang, mit verringerter Beladung der Trommel und mit geringen Schleuderdrehzahlen ( bis max. 600 Umdrehungen).<\/li>\n<li>Zu h\u00e4ufiges Reinigen mit der Waschmaschine kann auf Dauer die Rei\u00dffestigkeit des Gewebes verringern, der Einsatz von W\u00e4schetrocknern ist generell nicht ratsam.<\/li>\n<li>Beim Waschen nur Feinwaschmittel ohne optische Aufheller verwenden (z.B. Perwoll, Coral, Perlan &#8230;.), auf keinen Fall Waschmittel mit bleichenden oder oxidativen Substanzen und keine Weichsp\u00fcler verwenden.<\/li>\n<li><strong>Wurde die Weste im Einsatz nass, sollte sie umgehend gr\u00fcndlich getrocknet werden!<br \/>\n<\/strong><\/li>\n<li>Beim Ausziehen der Schutzweste die Druckkn\u00f6pfe einzeln \u00f6ffnen. Nicht den ganzen Verschlusslatz mit einem gewaltigen Ruck \u00f6ffnen, da hierdurch auf Dauer das Gewebe im Bereich der Druckkn\u00f6pfe gesch\u00e4digt werden k\u00f6nnte.<\/li>\n<\/ul>\n<p><strong>ACHTUNG:<\/strong><br \/>\nBeschriftungen der Weste mit wasserfesten Stiften auf dem Gewebe oder auf den gelben Bereichen der Signalstreifen. In den grausilbernen Bereichen der Signalstreifen verblasst die Beschriftung zu schnell.<\/p>\n<\/div>\n<p>[\/et_pb_text][\/et_pb_column][\/et_pb_row][\/et_pb_section]<\/p>\n","protected":false},"excerpt":{"rendered":"<p>Pflegehinweise: &nbsp; Wie bei allen Textilien sorgt nur eine sorgf\u00e4ltige Behandlung und Pflege f\u00fcr eine lange Lebensdauer. Deshalb beachten Sie bitte folgende Pflegehinweise: Die leicht verschmutzte Weste sollte nur von Hand bis maximal 40 Grad gewaschen und anschlie\u00dfend auf der Leine, im Schatten getrocknet werden. Wird die stark verschmutzte Weste in der Waschmaschine gewaschen, dann [&hellip;]<\/p>\n","protected":false},"author":1,"featured_media":0,"parent":0,"menu_order":0,"comment_status":"closed","ping_status":"closed","template":"","meta":{"_et_pb_use_builder":"on","_et_pb_old_content":"","_et_gb_content_width":"","footnotes":""},"class_list":["post-278","page","type-page","status-publish","hentry"],"aioseo_notices":[],"_links":{"self":[{"href":"https:\/\/www.huprotex.de\/cms\/wp-json\/wp\/v2\/pages\/278","targetHints":{"allow":["GET"]}}],"collection":[{"href":"https:\/\/www.huprotex.de\/cms\/wp-json\/wp\/v2\/pages"}],"about":[{"href":"https:\/\/www.huprotex.de\/cms\/wp-json\/wp\/v2\/types\/page"}],"author":[{"embeddable":true,"href":"https:\/\/www.huprotex.de\/cms\/wp-json\/wp\/v2\/users\/1"}],"replies":[{"embeddable":true,"href":"https:\/\/www.huprotex.de\/cms\/wp-json\/wp\/v2\/comments?post=278"}],"version-history":[{"count":2,"href":"https:\/\/www.huprotex.de\/cms\/wp-json\/wp\/v2\/pages\/278\/revisions"}],"predecessor-version":[{"id":335,"href":"https:\/\/www.huprotex.de\/cms\/wp-json\/wp\/v2\/pages\/278\/revisions\/335"}],"wp:attachment":[{"href":"https:\/\/www.huprotex.de\/cms\/wp-json\/wp\/v2\/media?parent=278"}],"curies":[{"name":"wp","href":"https:\/\/api.w.org\/{rel}","templated":true}]}}