{"id":274,"date":"2017-07-31T10:32:30","date_gmt":"2017-07-31T08:32:30","guid":{"rendered":"https:\/\/www.huprotex.de\/cms\/?page_id=274"},"modified":"2024-01-11T13:16:04","modified_gmt":"2024-01-11T12:16:04","slug":"jagdhunde-in-deutschland","status":"publish","type":"page","link":"https:\/\/www.huprotex.de\/cms\/jagdhunde-in-deutschland\/","title":{"rendered":"Jagdhunde in Deutschland"},"content":{"rendered":"<p>[et_pb_section fb_built=&#8220;1&#8243; custom_padding_last_edited=&#8220;on|desktop&#8220; admin_label=&#8220;section&#8220; _builder_version=&#8220;4.16&#8243; custom_padding_tablet=&#8220;50px|0|50px|0&#8243; custom_padding_phone=&#8220;50px|0|50px|0&#8243; transparent_background=&#8220;off&#8220; padding_mobile=&#8220;off&#8220; make_fullwidth=&#8220;off&#8220; use_custom_width=&#8220;off&#8220; width_unit=&#8220;off&#8220; custom_width_px=&#8220;1080px&#8220; custom_width_percent=&#8220;80%&#8220; global_colors_info=&#8220;{}&#8220;][et_pb_row padding_mobile=&#8220;off&#8220; column_padding_mobile=&#8220;on&#8220; admin_label=&#8220;row&#8220; _builder_version=&#8220;4.16&#8243; background_size=&#8220;initial&#8220; background_position=&#8220;top_left&#8220; background_repeat=&#8220;repeat&#8220; make_fullwidth=&#8220;off&#8220; use_custom_width=&#8220;off&#8220; width_unit=&#8220;off&#8220; custom_width_px=&#8220;1080px&#8220; custom_width_percent=&#8220;80%&#8220; global_colors_info=&#8220;{}&#8220;][et_pb_column type=&#8220;4_4&#8243; _builder_version=&#8220;4.16&#8243; custom_padding=&#8220;|||&#8220; global_colors_info=&#8220;{}&#8220; custom_padding__hover=&#8220;|||&#8220;][et_pb_text admin_label=&#8220;Ueberschrift&#8220; _builder_version=&#8220;4.16&#8243; background_size=&#8220;initial&#8220; background_position=&#8220;top_left&#8220; background_repeat=&#8220;repeat&#8220; use_border_color=&#8220;off&#8220; border_color=&#8220;#ffffff&#8220; border_style=&#8220;solid&#8220; global_colors_info=&#8220;{}&#8220;]<\/p>\n<h3><strong>Jagdhunde in Deutschland<\/strong><\/h3>\n<p>[\/et_pb_text][\/et_pb_column][\/et_pb_row][et_pb_row padding_mobile=&#8220;off&#8220; column_padding_mobile=&#8220;on&#8220; admin_label=&#8220;row&#8220; _builder_version=&#8220;4.20.0&#8243; background_size=&#8220;initial&#8220; background_position=&#8220;top_left&#8220; background_repeat=&#8220;repeat&#8220; make_fullwidth=&#8220;off&#8220; use_custom_width=&#8220;off&#8220; width_unit=&#8220;off&#8220; custom_width_px=&#8220;1080px&#8220; custom_width_percent=&#8220;80%&#8220; global_colors_info=&#8220;{}&#8220;][et_pb_column type=&#8220;4_4&#8243; _builder_version=&#8220;4.16&#8243; custom_padding=&#8220;|||&#8220; global_colors_info=&#8220;{}&#8220; custom_padding__hover=&#8220;|||&#8220;][et_pb_text admin_label=&#8220;Hunderassen&#8220; _builder_version=&#8220;4.20.0&#8243; background_size=&#8220;initial&#8220; background_position=&#8220;top_left&#8220; background_repeat=&#8220;repeat&#8220; hover_enabled=&#8220;0&#8243; border_style=&#8220;solid&#8220; global_colors_info=&#8220;{}&#8220; sticky_enabled=&#8220;0&#8243;]<\/p>\n<div id=\"content\">\n<table id=\"table1\" style=\"border-color: #ffffff;\" border=\"0\" width=\"80%\">\n<tbody>\n<tr>\n<td style=\"border-color: #ffffff;\" align=\"left\" height=\"30\"><strong>Bayrischer Gebirgsschwei\u00dfhund<\/strong><\/td>\n<td style=\"border-color: #ffffff;\" align=\"left\" height=\"30\"><strong><a href=\"http:\/\/www.kbgs.de\/\" target=\"_blank\" rel=\"noopener\">www.kbgs.de<\/a><\/strong><\/td>\n<\/tr>\n<tr>\n<td style=\"border-color: #ffffff;\" align=\"left\" height=\"30\"><strong>Beagle<\/strong><\/td>\n<td style=\"border-color: #ffffff;\" align=\"left\" height=\"30\"><strong><a href=\"http:\/\/www.jagd-beagle.de\/\" target=\"_blank\" rel=\"noopener\">www.jagd-beagle.de<\/a><\/strong><br \/><strong><a href=\"http:\/\/www.beagleclub.de\/\" target=\"_blank\" rel=\"noopener\">www.beagleclub.de<\/a><\/strong><\/td>\n<\/tr>\n<tr>\n<td style=\"border-color: #ffffff;\" align=\"left\" height=\"30\"><strong>Brandlbracke<\/strong><\/td>\n<td style=\"border-color: #ffffff;\" align=\"left\" height=\"30\"><strong><a href=\"http:\/\/www.deutscher-brackenverein.de\/\" target=\"_blank\" rel=\"noopener\">www.deutscher-brackenverein.de<\/a><\/strong><\/td>\n<\/tr>\n<tr>\n<td style=\"border-color: #ffffff;\" align=\"left\" height=\"30\"><strong>Bretonischer Vorstehhund<\/strong><\/td>\n<td style=\"border-color: #ffffff;\" align=\"left\" height=\"30\"><strong><a href=\"http:\/\/www.der-bretone.de\/\" target=\"_blank\" rel=\"noopener\">www.der-bretone.de<\/a><\/strong><\/td>\n<\/tr>\n<tr>\n<td style=\"border-color: #ffffff;\" align=\"left\" height=\"30\"><strong>Deutsche Bracke<\/strong><\/td>\n<td style=\"border-color: #ffffff;\" align=\"left\" height=\"30\"><strong><a href=\"http:\/\/www.deutscher-bracken-club.de\/\" target=\"_blank\" rel=\"noopener\">www.deutscher-bracken-club.de<\/a><\/strong><\/td>\n<\/tr>\n<tr>\n<td style=\"border-color: #ffffff;\" align=\"left\" height=\"30\"><strong>Deutsch Drahthaar<\/strong><\/td>\n<td style=\"border-color: #ffffff;\" align=\"left\" height=\"30\"><strong><a href=\"http:\/\/www.drahthaar.de\/\" target=\"_blank\" rel=\"noopener\">www.drahthaar.de<\/a><\/strong><\/td>\n<\/tr>\n<tr>\n<td style=\"border-color: #ffffff;\" align=\"left\" height=\"30\"><strong>Deutscher Jagdterrier<\/strong><\/td>\n<td style=\"border-color: #ffffff;\" align=\"left\" height=\"30\"><strong><a href=\"http:\/\/www.djt-club.de\/\" target=\"_blank\" rel=\"noopener\">www.djt-club.de<\/a><\/strong><\/td>\n<\/tr>\n<tr>\n<td style=\"border-color: #ffffff;\" align=\"left\" height=\"30\"><strong>Deutsch Kurzhaar<\/strong><\/td>\n<td style=\"border-color: #ffffff;\" align=\"left\" height=\"30\"><strong><a href=\"http:\/\/www.deutsch-kurzhaar.de\/\" target=\"_blank\" rel=\"noopener\">www.deutsch-kurzhaar.de<\/a><\/strong><\/td>\n<\/tr>\n<tr>\n<td style=\"border-color: #ffffff;\" align=\"left\" height=\"30\"><strong>Deutsch Langhaar<\/strong><\/td>\n<td style=\"border-color: #ffffff;\" align=\"left\" height=\"30\"><strong><a href=\"http:\/\/www.clublanghaar.de\/\" target=\"_blank\" rel=\"noopener\">www.clublanghaar.de<\/a><\/strong><\/td>\n<\/tr>\n<tr>\n<td style=\"border-color: #ffffff;\" align=\"left\" height=\"30\"><strong>Deutsch Stichelhaar<\/strong><\/td>\n<td style=\"border-color: #ffffff;\" align=\"left\" height=\"30\"><strong><a href=\"http:\/\/www.verein-deutsch-stichelhaar.de\/\" target=\"_blank\" rel=\"noopener\">www.verein-deutsch-stichelhaar.de<\/a><\/strong><\/td>\n<\/tr>\n<tr>\n<td style=\"border-color: #ffffff;\" align=\"left\" height=\"30\"><strong>Deutsch Wachtel<\/strong><\/td>\n<td style=\"border-color: #ffffff;\" align=\"left\" height=\"30\"><strong><a href=\"http:\/\/www.wachtelhund.de\/\" target=\"_blank\" rel=\"noopener\">www.wachtelhund.de<\/a><\/strong><\/td>\n<\/tr>\n<tr>\n<td style=\"border-color: #ffffff;\" align=\"left\" height=\"30\"><strong>Foxterrier<\/strong><\/td>\n<td style=\"border-color: #ffffff;\" align=\"left\" height=\"30\"><strong><a href=\"http:\/\/www.foxterrier-verband.de\/\" target=\"_blank\" rel=\"noopener\">www.foxterrier-verband.de<\/a><\/strong><\/td>\n<\/tr>\n<tr>\n<td style=\"border-color: #ffffff;\" align=\"left\" height=\"30\"><strong>Gordon Setter<\/strong><\/td>\n<td style=\"border-color: #ffffff;\" align=\"left\" height=\"30\"><strong><a href=\"http:\/\/www.gordon-setter.de\/\" target=\"_blank\" rel=\"noopener\">www.gordon-setter.de<\/a><\/strong><\/td>\n<\/tr>\n<tr>\n<td style=\"border-color: #ffffff;\" align=\"left\" height=\"30\"><strong>Griffon<\/strong><\/td>\n<td style=\"border-color: #ffffff;\" align=\"left\" height=\"30\"><strong><a href=\"http:\/\/www.griffon-korthals.de\/\" target=\"_blank\" rel=\"noopener\">www.griffon-korthals.de<\/a><\/strong><\/td>\n<\/tr>\n<tr>\n<td style=\"border-color: #ffffff;\" align=\"left\" height=\"30\"><strong>Gro\u00dfer M\u00fcnsterl\u00e4nder<\/strong><\/td>\n<td style=\"border-color: #ffffff;\" align=\"left\" height=\"30\"><strong><a href=\"http:\/\/www.grossermuensterlaender.de\/\" target=\"_blank\" rel=\"noopener\">www.grossermuensterlaender.de<\/a><\/strong><\/td>\n<\/tr>\n<tr>\n<td style=\"border-color: #ffffff;\" align=\"left\" height=\"30\"><strong>Hannoverscher Schwei\u00dfhund<\/strong><\/td>\n<td style=\"border-color: #ffffff;\" align=\"left\" height=\"30\"><strong><a href=\"http:\/\/www.verein-hirschmann.de\/\" target=\"_blank\" rel=\"noopener\">www.verein-hirschmann.de<\/a><\/strong><\/td>\n<\/tr>\n<tr>\n<td style=\"border-color: #ffffff;\" align=\"left\" height=\"30\"><strong>Irish Setter<\/strong><\/td>\n<td style=\"border-color: #ffffff;\" align=\"left\" height=\"30\"><strong><a href=\"http:\/\/www.pointer-setter.de\/\" target=\"_blank\" rel=\"noopener\">www.pointer-setter.de<\/a><\/strong><\/td>\n<\/tr>\n<tr>\n<td style=\"border-color: #ffffff;\" align=\"left\" height=\"30\"><strong>Jagdspaniel<\/strong><\/td>\n<td style=\"border-color: #ffffff;\" align=\"left\" height=\"30\"><strong><a href=\"http:\/\/www.jagdspaniel-klub.de\/\" target=\"_blank\" rel=\"noopener\">www.jagdspaniel-klub.de<\/a><\/strong><\/td>\n<\/tr>\n<tr>\n<td style=\"border-color: #ffffff;\" align=\"left\" height=\"30\"><strong>Kleiner M\u00fcnsterl\u00e4nder<\/strong><\/td>\n<td style=\"border-color: #ffffff;\" align=\"left\" height=\"30\"><strong><a href=\"http:\/\/www.kleine-muensterlaender.org\/\" target=\"_blank\" rel=\"noopener\">www.kleine-muensterlaender.org<\/a><\/strong><\/td>\n<\/tr>\n<tr>\n<td style=\"border-color: #ffffff;\" align=\"left\" height=\"30\"><strong>Kopov<\/strong><\/td>\n<td style=\"border-color: #ffffff;\" align=\"left\" height=\"30\"><strong><a href=\"http:\/\/www.schwarzwildbracke.de\/\" target=\"_blank\" rel=\"noopener\">www.schwarzwildbracke.de<\/a><\/strong><\/td>\n<\/tr>\n<tr>\n<td style=\"border-color: #ffffff;\" align=\"left\" height=\"30\"><strong>Magyar Vizsla<\/strong><\/td>\n<td style=\"border-color: #ffffff;\" align=\"left\" height=\"30\"><strong><a href=\"http:\/\/www.vuv-vizsla.de\/\" target=\"_blank\" rel=\"noopener\">www.vuv-vizsla.de<\/a><\/strong><\/td>\n<\/tr>\n<tr>\n<td style=\"border-color: #ffffff;\" align=\"left\" height=\"30\"><strong>Parson Russel Terrier<\/strong><\/td>\n<td style=\"border-color: #ffffff;\" align=\"left\" height=\"30\"><strong><a href=\"http:\/\/www.parsonjackrussellterrier-club.de\/\" target=\"_blank\" rel=\"noopener\">www.parsonjackrussellterrier-club.de<\/a><\/strong><\/td>\n<\/tr>\n<tr>\n<td style=\"border-color: #ffffff;\" align=\"left\" height=\"30\"><strong>Pointer<\/strong><\/td>\n<td style=\"border-color: #ffffff;\" align=\"left\" height=\"30\"><strong><a href=\"http:\/\/www.pointer-setter.de\/\" target=\"_blank\" rel=\"noopener\">www.pointer-setter.de<\/a><\/strong><\/td>\n<\/tr>\n<tr>\n<td style=\"border-color: #ffffff;\" align=\"left\" height=\"30\"><strong>Pudelpointer<\/strong><\/td>\n<td style=\"border-color: #ffffff;\" align=\"left\" height=\"30\"><strong><a href=\"http:\/\/www.pudelpointer.de\/\" target=\"_blank\" rel=\"noopener\">www.pudelpointer.de<\/a><\/strong><\/td>\n<\/tr>\n<tr>\n<td style=\"border-color: #ffffff;\" align=\"left\" height=\"30\"><strong>Retriever<\/strong><\/td>\n<td style=\"border-color: #ffffff;\" align=\"left\" height=\"30\"><strong><a href=\"http:\/\/www.labrador.de\/\" target=\"_blank\" rel=\"noopener\">www.labrador.de<\/a><\/strong><br \/><strong><a href=\"http:\/\/www.drc.de\/\" target=\"_blank\" rel=\"noopener\">www.drc.de<\/a><\/strong><\/td>\n<\/tr>\n<tr>\n<td style=\"border-color: #ffffff;\" align=\"left\" height=\"30\"><strong>Spinone<\/strong><\/td>\n<td style=\"border-color: #ffffff;\" align=\"left\" height=\"30\"><strong><a href=\"http:\/\/www.spinone-club.de\/\" target=\"_blank\" rel=\"noopener\">www.spinone-club.de<\/a><\/strong><\/td>\n<\/tr>\n<tr>\n<td style=\"border-color: #ffffff;\" align=\"left\" height=\"30\"><strong>Steirische Rauhhaarbracke<\/strong><\/td>\n<td style=\"border-color: #ffffff;\" align=\"left\" height=\"30\"><strong><a href=\"http:\/\/www.deutscher-brackenverein.de\/\" target=\"_blank\" rel=\"noopener\">www.deutscher-brackenverein.de<\/a><\/strong><\/td>\n<\/tr>\n<tr>\n<td style=\"border-color: #ffffff;\" align=\"left\" height=\"30\"><strong>Teckel<\/strong><\/td>\n<td style=\"border-color: #ffffff;\" align=\"left\" height=\"30\"><strong><a href=\"http:\/\/www.jagdteckel.de\/\" target=\"_blank\" rel=\"noopener\">www.jagdteckel.de<\/a><\/strong><\/td>\n<\/tr>\n<tr>\n<td style=\"border-color: #ffffff;\" align=\"left\" height=\"30\"><strong>Tiroler Bracke<\/strong><\/td>\n<td style=\"border-color: #ffffff;\" align=\"left\" height=\"30\"><strong><a href=\"http:\/\/www.klub-tirolerbracke.de\/\" target=\"_blank\" rel=\"noopener\">www.klub-tirolerbracke.de<\/a><\/strong><\/td>\n<\/tr>\n<tr>\n<td style=\"border-color: #ffffff;\" align=\"left\" height=\"30\"><strong>Weimaraner<\/strong><\/td>\n<td style=\"border-color: #ffffff;\" align=\"left\" height=\"30\"><strong><a href=\"http:\/\/www.weimaraner-klub-ev.de\/\" target=\"_blank\" rel=\"noopener\">www.weimaraner-klub-ev.de<\/a><\/strong><\/td>\n<\/tr>\n<\/tbody>\n<\/table>\n<\/div>\n<p>[\/et_pb_text][\/et_pb_column][\/et_pb_row][\/et_pb_section]<\/p>\n","protected":false},"excerpt":{"rendered":"<p>Jagdhunde in Deutschland Bayrischer Gebirgsschwei\u00dfhund www.kbgs.de Beagle www.jagd-beagle.dewww.beagleclub.de Brandlbracke www.deutscher-brackenverein.de Bretonischer Vorstehhund www.der-bretone.de Deutsche Bracke www.deutscher-bracken-club.de Deutsch Drahthaar www.drahthaar.de Deutscher Jagdterrier www.djt-club.de Deutsch Kurzhaar www.deutsch-kurzhaar.de Deutsch Langhaar www.clublanghaar.de Deutsch Stichelhaar www.verein-deutsch-stichelhaar.de Deutsch Wachtel www.wachtelhund.de Foxterrier www.foxterrier-verband.de Gordon Setter www.gordon-setter.de Griffon www.griffon-korthals.de Gro\u00dfer M\u00fcnsterl\u00e4nder www.grossermuensterlaender.de Hannoverscher Schwei\u00dfhund www.verein-hirschmann.de Irish Setter www.pointer-setter.de Jagdspaniel www.jagdspaniel-klub.de Kleiner M\u00fcnsterl\u00e4nder www.kleine-muensterlaender.org [&hellip;]<\/p>\n","protected":false},"author":1,"featured_media":0,"parent":0,"menu_order":0,"comment_status":"closed","ping_status":"closed","template":"","meta":{"_et_pb_use_builder":"on","_et_pb_old_content":"","_et_gb_content_width":"","footnotes":""},"class_list":["post-274","page","type-page","status-publish","hentry"],"aioseo_notices":[],"_links":{"self":[{"href":"https:\/\/www.huprotex.de\/cms\/wp-json\/wp\/v2\/pages\/274","targetHints":{"allow":["GET"]}}],"collection":[{"href":"https:\/\/www.huprotex.de\/cms\/wp-json\/wp\/v2\/pages"}],"about":[{"href":"https:\/\/www.huprotex.de\/cms\/wp-json\/wp\/v2\/types\/page"}],"author":[{"embeddable":true,"href":"https:\/\/www.huprotex.de\/cms\/wp-json\/wp\/v2\/users\/1"}],"replies":[{"embeddable":true,"href":"https:\/\/www.huprotex.de\/cms\/wp-json\/wp\/v2\/comments?post=274"}],"version-history":[{"count":7,"href":"https:\/\/www.huprotex.de\/cms\/wp-json\/wp\/v2\/pages\/274\/revisions"}],"predecessor-version":[{"id":1370,"href":"https:\/\/www.huprotex.de\/cms\/wp-json\/wp\/v2\/pages\/274\/revisions\/1370"}],"wp:attachment":[{"href":"https:\/\/www.huprotex.de\/cms\/wp-json\/wp\/v2\/media?parent=274"}],"curies":[{"name":"wp","href":"https:\/\/api.w.org\/{rel}","templated":true}]}}